of 50 and 4463.
1
What is the greatest common factor of 287 and 94751?
41
Calculate the highest common divisor of 4863836 and 34.
34
Calculate the highest common divisor of 806 and 4498.
26
Calculate the greatest common divisor of 7067 and 1146.
191
Calculate the greatest common factor of 29862 and 12.
6
Calculate the greatest common factor of 9553 and 41.
41
Calculate the greatest common divisor of 19176 and 399432.
408
What is the greatest common divisor of 1908168 and 1032?
1032
What is the highest common factor of 33 and 28054389?
33
Calculate the highest common factor of 2302018 and 122.
122
What is the highest common divisor of 5 and 3031570?
5
Calculate the greatest common factor of 4158 and 1518.
66
What is the greatest common factor of 327684 and 12?
12
What is the greatest common divisor of 1665 and 2715?
15
What is the greatest common divisor of 17995 and 2773?
59
What is the greatest common factor of 480 and 159744?
96
What is the highest common divisor of 137 and 99873?
137
Calculate the greatest common factor of 45261 and 2961.
423
What is the highest common divisor of 156505 and 109045?
565
Calculate the greatest common divisor of 17236 and 16.
4
What is the highest common factor of 108 and 58347?
27
What is the highest common divisor of 6432 and 93666?
402
What is the greatest common factor of 2312 and 69292?
68
Calculate the greatest common factor of 795 and 125.
5
Calculate the greatest common factor of 66227 and 7.
7
Calculate the highest common factor of 1327 and 2.
1
What is the highest common divisor of 1428 and 3434?
34
Calculate the greatest common divisor of 245 and 236915.
245
What is the highest common factor of 942 and 46472?
314
Calculate the greatest common divisor of 99 and 16083.
9
Calculate the highest common factor of 3174 and 1403.
23
What is the greatest common divisor of 168 and 3768?
24
What is the greatest common divisor of 3849 and 327?
3
Calculate the greatest common factor of 3454 and 7128.
22
Calculate the highest common divisor of 7255 and 2.
1
Calculate the highest common factor of 76 and 363432.
76
What is the highest common divisor of 36720 and 258768?
432
Calculate the greatest common factor of 2676 and 466.
2
Calculate the greatest common divisor of 260 and 82966.
26
Calculate the highest common factor of 7293 and 229449.
561
Calculate the highest common factor of 6784 and 3328.
128
Calculate the highest common factor of 131508 and 108.
36
What is the greatest common divisor of 806 and 341?
31
What is the highest common factor of 26502 and 14406?
42
What is the greatest common factor of 35 and 303079?
7
What is the greatest common factor of 58707 and 2871?
99
What is the highest common factor of 416127 and 177?
177
Calculate the highest common divisor of 24 and 34794.
6
What is the highest common divisor of 10582 and 110?
22
Calculate the greatest common divisor of 67 and 83147.
67
What is the greatest common divisor of 51 and 29055?
3
What is the highest common divisor of 5336 and 122438?
58
Calculate the greatest common divisor of 1356 and 2542048.
452
Calculate the greatest common divisor of 32 and 101092.
4
What is the highest common factor of 1285 and 79413?
257
What is the highest common divisor of 804495 and 90?
15
What is the highest common factor of 264586 and 308?
14
What is the greatest common factor of 87 and 54694?
29
What is the greatest common divisor of 1775 and 684795?
355
What is the highest common factor of 90 and 963990?
90
Calculate the highest common factor of 192198 and 36387.
933
What is the greatest common factor of 174 and 6906?
6
What is the greatest common factor of 351721 and 547?
547
What is the greatest common divisor of 48412 and 266?
266
Calculate the greatest common factor of 354 and 30066.
6
What is the greatest common factor of 1242 and 1408014?
414
What is the greatest common factor of 4 and 1634636?
4
What is the greatest common factor of 4914 and 2016?
126
Calculate the greatest common divisor of 769213 and 545.
109
What is the greatest common divisor of 35403 and 18?
3
What is the highest common factor of 465053 and 1517?
37
What is the greatest common divisor of 2151 and 36?
9
What is the greatest common divisor of 26550 and 546045?
885
Calculate the greatest common factor of 45063 and 27.
27
What is the greatest common factor of 17019 and 3627?
279
What is the greatest common factor of 48 and 40400?
16
Calculate the greatest common factor of 2120 and 518605.
265
Calculate the highest common divisor of 3500 and 5551.
7
What is the highest common factor of 9386 and 23010?
26
What is the greatest common factor of 88347 and 153255?
1803
What is the greatest common divisor of 508 and 253111?
127
What is the highest common factor of 276 and 118680?
276
Calculate the highest common divisor of 4691 and 2.
1
Calculate the highest common factor of 6236838 and 3130.
626
Calculate the greatest common divisor of 14 and 11627168.
14
Calculate the greatest common divisor of 115 and 533255.
115
Calculate the greatest common factor of 12000 and 856.
8
What is the greatest common divisor of 288 and 5832?
72
What is the highest common divisor of 10600 and 583?
53
What is the greatest common divisor of 47151 and 558?
279
What is the highest common factor of 155 and 4435?
5
What is the highest common factor of 356 and 3200974?
178
What is the highest common divisor of 2811411 and 171?
171
Calculate the highest common divisor of 60725 and 49.
7
Calculate the highest common divisor of 101809 and 61.
61
Calculate the highest common divisor of 175387 and 127.
127
What is the highest common divisor of 120 and 130332?
12
What is the highest common factor of 16683252 and 977?
977
Calculate the greatest common factor of 3978 and 23256.
306
What is the highest common factor of 18290 and 30031?
59
Calculate the highest common factor of 176336 and 23112.
856
Calculate the greatest common factor of 228 and 15744.
12
What is the highest common factor of 2379 and 234?
39
What is the highest common divisor of 12216 and 4184?
8
Calculate the greatest common factor of 11984 and 4708.
428
Calculate the greatest common factor of 20 and 384830.
10
What is the greatest common divisor of 47048 and 16?
8
What is the highest common factor of 120106 and 1035?
23
Calculate the greatest common factor of 236319 and 111.
111
Calculate the greatest common factor of 274 and 1622902.
274
What is the highest common factor of 14042 and 14518?
238
Calculate the highest common factor of 16110 and 130.
10
What is the highest common factor of 2187 and 67554?
243
What is the greatest common factor of 1629251 and 897?
299
Calculate the highest common factor of 13811 and 21.
7
What is the highest common factor of 3380 and 539110?
1690
Calculate the highest common factor of 1415162 and 2168.
542
Calculate the greatest common divisor of 405081 and 1701.
243
What is the greatest common factor of 5207 and 2173?
41
What is the greatest common divisor of 13068 and 747252?
1188
What is the greatest common divisor of 888 and 744?
24
Calculate the highest common divisor of 2079 and 1737.
9
What is the greatest common factor of 84 and 29176?
28
What is the greatest common factor of 9409 and 12416?
97
Calculate the highest common divisor of 1152 and 166896.
144
Calculate the greatest common divisor of 43287 and 1228.
307
What is the greatest common factor of 22009 and 143?
13
What is the greatest common divisor of 22308 and 52?
52
What is the highest common divisor of 15 and 1251345?
15
Calculate the highest common divisor of 8004 and 1886.
46
Calculate the highest common divisor of 783 and 270.
27
Calculate the greatest common divisor of 312 and 179608.
104
What is the greatest common factor of 1192 and 64?
8
What is the highest common divisor of 599817 and 115?
23
What is the highest common factor of 43644 and 36?
12
What is the highest common factor of 36 and 86644?
4
What is the greatest common factor of 35 and 4445?
35
What is the highest common divisor of 120589 and 322?
161
Calculate the highest common factor of 202 and 83.
1
What is the highest common divisor of 706914 and 159?
159
Calculate the highest common divisor of 6 and 8175.
3
What is the highest common factor of 722 and 30666?
38
What is the highest comm